visor of z and l.
12
Let d(x) = 12*x**2 - x + 3. Let t be d(3). Suppose -3*a + 5*p + 216 = 0, 0 = -4*a + 4*p + 159 + 129. What is the highest common divisor of a and t?
36
Suppose -2*p + 16*v = 17*v - 42, 89 = 3*p - 5*v. Suppose h + 114 + 224 = -5*l, -5*h - 82 = l. Let s = 136 + l. Calculate the greatest common factor of s and p.
23
Let c = -11 + -4. Let x be (15*1)/(c/(-10)). Let s be x + (-2)/(-5 - -3). What is the greatest common divisor of s and 121?
11
Suppose 237*l = 246*l - 5589. Calculate the greatest common divisor of 345 and l.
69
Suppose 0 = -r, 2*r + r + 220 = 5*d. What is the highest common factor of 4 and d?
4
Let f(k) = 6*k**2 + k - 12. Let o be f(6). Suppose -6 = 4*t - o. What is the greatest common factor of 3 and t?
3
Suppose -2*y + 127 = -17. What is the highest common divisor of y and 1152?
72
Suppose 0 = -2*w + 3*w - u - 302, 0 = -4*w - u + 1218. Calculate the highest common factor of w and 76.
76
Suppose 0*s = -5*s + 4*u + 4, 2*s - 2*u = 2. Suppose s = -2*v, 4*v - 420 = -3*a + 5*v. Let m = -24 - -80. Calculate the highest common factor of a and m.
28
Suppose 101*l - 37*l - 16384 = 0. Calculate the highest common factor of l and 16.
16
Suppose -4*y - 3*r + 33 = 0, 4*r = 2 + 10. Let u = 23 - -1. Calculate the greatest common factor of u and y.
6
Suppose 11 = 16*d - 37. Suppose 2*o - 4*l - 4 = 0, -d*o - 3*l = -0*l - 15. Calculate the greatest common divisor of o and 44.
4
Let d(u) = 11*u**2 - 12*u + 53. Let x be d(6). Calculate the greatest common divisor of 13 and x.
13
Let y = -10 - -18. Let s = -14 - -16. Let z be (1 + -4)/(s/(-8)). What is the greatest common factor of z and y?
4
Let g = -1388 + 1512. Calculate the greatest common factor of g and 20.
4
Let q = 6 - -58. Let h = q + -48. Calculate the highest common factor of h and 48.
16
Let x(l) = l**3 + 6*l**2 - 40. Let p be x(4). What is the greatest common factor of p and 160?
40
Let y(z) = 3*z**2 + 9*z + 14. Let m be y(-4). Let t = m - 19. Let b(f) = -49*f**3. Let g be b(-1). Calculate the highest common factor of g and t.
7
Let z be (-4)/8*(21 + 3)/(-3). Let b be (-255)/(-10) - 2/z. What is the greatest common factor of b and 50?
25
Let w(q) = -143*q + 114. Let u be w(-2). Calculate the highest common divisor of 80 and u.
80
Suppose g - 5*g + 2*h = -998, h = g - 249. Calculate the greatest common factor of 100 and g.
50
Suppose g = 3*d - 13, 0 = -4*g - 3*d + 4*d + 3. Let i be 100/75*3/g. What is the greatest common factor of i and 5?
1
Suppose 3*n = -5*i + 69 + 14, -4*n + 100 = -4*i. Calculate the greatest common divisor of 182 and n.
26
Let a = 54 + -16. Let b = a - 28. Suppose -5*z = 3*r - 109, -r + 32 + b = -4*z. What is the greatest common divisor of 19 and r?
19
Let l(f) = 463*f + 6. Let p be l(1). What is the greatest common factor of 134 and p?
67
Let f = -297 + 129. Let y be f/30*(-10)/4. Suppose -3*a + 95 = 3*h + 2*a, -5*a - 80 = -2*h. Calculate the highest common divisor of y and h.
7
Let o be ((-6)/2 - -71 - -3) + -2. Suppose c = -u - 0*u + o, -20 = -5*u. Calculate the highest common divisor of c and 26.
13
Let s(l) = 3*l + 28. Let n be s(12). Suppose 2*q + 5*y + 1 = -6, -q + y = -14. Let a = q + -1. What is the highest common factor of n and a?
8
Let f be 10/35 + (-206)/(-14). Let s be 7*12 + 79 + -88. Calculate the greatest common divisor of f and s.
15
Let h(w) = -2*w + 8. Let u(d) = 3*d - 8. Let z(n) = 6*h(n) + 5*u(n). Let f be z(3). Calculate the highest common factor of f and 187.
17
Let i = -42 - -207. Calculate the greatest common divisor of 60 and i.
15
Suppose -7*z = 202 + 827. Let g = 228 + z. Let y be ((-4)/12)/(2/(-54)). What is the highest common factor of y and g?
9
Suppose 3*l + 13 = 5*x, -2*l + 4*x - 8 = l. Suppose 96 = 49*s - 37*s. Calculate the greatest common factor of l and s.
4
Suppose 4*s = -3*q + 2778, 0*q = 2*q + 5*s - 1852. What is the highest common divisor of 2 and q?
2
Suppose 0 = 5*w - 10*w - 10. Let m be (-15 + 7)*1/w. Suppose 0 = 2*b - m*n - 32, b + n - 55 = -3*b. Calculate the greatest common divisor of b and 56.
14
Let v be (9/6)/(2/28). Let b(g) = -g**2 - 9*g - 11. Let u be b(-4). Suppose 0 = 2*n - u - 33. What is the greatest common factor of v and n?
21
Let v(y) = -y**2 + 17*y - 9. Let u be v(15). Suppose 0 = 5*l - 5, -6*n - 2*l + 254 = -2*n. What is the highest common factor of u and n?
21
Suppose 0 = 3*d + 2*w - 121, 3*w - 27 = -d - w. Let t = 52 - d. What is the greatest common factor of t and 27?
9
Let m = 0 + 24. Let j(b) = 6*b + 3. Let y be j(0). What is the highest common divisor of m and y?
3
Suppose -470 = -4*d + 2*l, -5*d + 10*d = -4*l + 607. What is the highest common divisor of 51 and d?
17
Suppose 135 = 2*f + 17. Suppose -t + f = 17. Let d be 6*(-7)/(-9)*3. What is the highest common divisor of t and d?
14
Let b(f) = 20*f - 25. Let o be b(9). What is the highest common divisor of 31 and o?
31
Let h(d) = -d**2 + 50*d + 93. Let w be h(20). What is the greatest common divisor of 42 and w?
21
Suppose -5*f + 3*d = -22 - 78, -5*f = d - 100. Calculate the highest common factor of f and 60.
20
Suppose t - 49 = -2*t - 4*c, 4*t - c = 40. Let b = 37 - 26. What is the highest common divisor of b and t?
11
Let m = 167 - 154. What is the highest common divisor of 533 and m?
13
Let b(p) = p**2 - 6*p + 3. Let j be b(6). Suppose -j*h = h. Suppose 31 = 5*t - 2*s, 4*s + 37 = 5*t - h*s. Calculate the greatest common divisor of 2 and t.
1
Let d be (-546)/1001 - (-2)/(-22)*-39. What is the greatest common divisor of 40 and d?
1
Let h(x) = 21*x**2 + 20*x + 50. Let d be h(-4). Calculate the highest common factor of 54 and d.
18
Let j(c) = -c**2 - 52*c + 109. Let u be j(-50). Calculate the greatest common factor of u and 11.
11
Let v be (-448)/(-252) - (-2)/9. Suppose -v*x - 121 = -3*x. What is the highest common divisor of x and 22?
11
Let k be (-2 - -8)*30/4. Let g be 2 + k/(4 - 1). What is the highest common factor of g and 17?
17
Let h(g) = -g**3 + 9*g**2 - 8*g - 4. Let n be h(8). Let m = n - -15. Calculate the greatest common divisor of m and 55.
11
Let q be 865/35 + 8/28. What is the greatest common factor of q and 95?
5
Let l = 7 + 8. Let y be (168/(-10))/((-3)/l). What is the highest common factor of 28 and y?
28
Let r = -16 - -20. Suppose r*k = 1932 - 532. Suppose -m + 3*m = k. What is the highest common factor of m and 25?
25
Let n(q) = -q**2 + 4. Let d(i) = -i**2 - i + 3. Let z(l) = 4*d(l) - 5*n(l). Let a be z(8). What is the greatest common divisor of 6 and a?
6
Suppose 5*n - w = 39, -12 = -2*n + 5*w - w. Suppose -20 = -n*g + 4*g. Calculate the greatest common factor of g and 1.
1
Let j(g) = 272*g - 114. Let l be j(1). Calculate the greatest common divisor of l and 2.
2
Suppose -9*b - 58 = 14. Let i be 3/(-12) + 0 + (-98)/b. Calculate the greatest common divisor of 84 and i.
12
Let q = -238 + 258. What is the greatest common factor of 100 and q?
20
Let c be (505 + 5)*((-63)/(-14) - 4). What is the greatest common factor of c and 153?
51
Suppose -3*m + 717 = 60. What is the highest common factor of m and 292?
73
Suppose 158 = -l + 3*y + 41, 0 = -3*y - 12. Let f = -85 - l. Calculate the highest common factor of 11 and f.
11
Suppose 3*f = -5*w + 9, -23 + 3 = -4*w + 4*f. Let x be 19 + (0 - w) - 1. Suppose 5*c - 5 - 20 = 0. Calculate the greatest common factor of x and c.
5
Suppose 7*z + 3 = g + 4*z, 0 = -2*z + 4. Calculate the greatest common divisor of 1233 and g.
9
Suppose 0 = -27*f + 21731 + 139. What is the highest common factor of 30 and f?
30
Suppose -p + 4*t = p - 14, 10 = -5*t. Let n be ((-2)/4)/((7/4)/7). Let b(f) = -5*f - 8. Let s be b(n). What is the greatest common factor of s and p?
1
Let f = -59 - -81. Let k be (-3)/9 + (-199)/(-3). Calculate the greatest common factor of f and k.
22
Suppose 161*b - 11880 = 29*b. Calculate the greatest common factor of 435 and b.
15
Suppose -j + 15*j - 224 = 0. Let x be -1 - j/(-14) - 118/(-7). What is the highest common divisor of 17 and x?
17
Let f = 415 - 403. What is the highest common factor of f and 324?
12
Let c(o) = 2*o**2 - 19*o + 4. Let s be c(13). Let x be (-1)/((-3)/(s - -4)). Calculate the highest common divisor of 3 and x.
3
Let t be (-2 + (-24)/(-9))*(-3)/(-1). Suppose t*n = 8*n - 420. What is the greatest common factor of 14 and n?
14
Let o = -51 - -56. S